
False
Is 287751071 a prime number?
False
Is 14866730987 prime?
True
Is 10075274351 prime?
True
Is 27447385111 prime?
True
Is 12574762513 composite?
False
Is 5481842983 a prime number?
False
Is 810783287 a prime number?
True
Is 7359575809 a composite number?
True
Is 6384422299 composite?
True
Is 27392557043 a composite number?
True
Is 28887898219 a composite number?
True
Is 66844214497 a prime number?
True
Is 56185813 a composite number?
False
Is 3061533193 a composite number?
False
Is 40701277 a prime number?
True
Is 9931296769 prime?
False
Is 6642794737 prime?
True
Is 35479893391 composite?
False
Is 17264540107 composite?
True
Is 1428380813 a composite number?
False
Is 1672228055 a prime number?
False
Is 170494651 prime?
True
Is 1287257843 a prime number?
True
Is 3218759441 composite?
True
Is 104822438717 a prime number?
False
Is 553940615 a composite number?
True
Is 59830173649 composite?
True
Is 242089567 a composite number?
True
Is 3659134091 a composite number?
False
Is 74403758941 a composite number?
True
Is 1990974593 composite?
False
Is 36802709098 composite?
True
Is 26107395499 a prime number?
False
Is 18764632937 a prime number?
True
Is 77084270993 a prime number?
False
Is 275028242189 composite?
True
Is 5623113049 prime?
True
Is 81031577 a composite number?
True
Is 14584116395 a composite number?
True
Is 1416651433 composite?
True
Is 26529333445 prime?
False
Is 219779671 composite?
False
Is 6695926939 a composite number?
True
Is 1243328939 prime?
False
Is 99253577441 a prime number?
True
Is 10629005861 a composite number?
False
Is 359829073 composite?
True
Is 12218795717 a composite number?
False
Is 8933810893 composite?
True
Is 22867437247 prime?
False
Is 2298310341 prime?
False
Is 297299239 prime?
True
Is 121106126321 a prime number?
False
Is 5978901449 a composite number?
False
Is 16833599227 a composite number?
False
Is 367555289 composite?
False
Is 20499331057 a prime number?
True
Is 33554811161 a prime number?
True
Is 700566073 a prime number?
False
Is 11221179857 a composite number?
True
Is 62828460433 a composite number?
False
Is 206587573 a prime number?
True
Is 8223339349 prime?
False
Is 17965928473 composite?
False
Is 6459928213 a prime number?
False
Is 14282020277 a prime number?
False
Is 7691055683 composite?
False
Is 23262447079 composite?
True
Is 4397750465 a prime number?
False
Is 531544231 a composite number?
False
Is 31323766561 a composite number?
True
Is 4347248383 composite?
True
Is 4178539181 prime?
True
Is 7498447531 a prime number?
True
Is 3659808029 composite?
False
Is 2504719831 composite?
False
Is 2491322653 composite?
False
Is 560319413 prime?
False
Is 36158344073 prime?
True
Is 6465512969 prime?
True
Is 59572913017 a prime number?
False
Is 10131479221 a prime number?
True
Is 2985377807 a composite number?
False
Is 84354705011 composite?
False
Is 98407079 prime?
True
Is 48999227 a composite number?
False
Is 5337643079 a composite number?
False
Is 219811789 prime?
True
Is 1648063661 composite?
True
Is 3460285901 prime?
True
Is 4768635697 a prime number?
False
Is 7401677321 a prime number?
False
Is 50985937679 prime?
True
Is 98656825837 a prime number?
True
Is 1620932921 a prime number?
False
Is 2335779541 prime?
True
Is 2029496047 prime?
False
Is 4077847226 prime?
False
Is 3203952101 a composite number?
True
Is 18134350037 a composite number?
False
Is 14561263031 a composite number?
True
Is 15815206489 prime?
True
Is 5336902121 a composite number?
True
Is 10455606067 a composite number?
True
Is 2734079107 a prime number?
True
Is 476755571 composite?
False
Is 5857365687 a composite number?
True
Is 468856373 a composite number?
False
Is 319051727 composite?
False
Is 698798327 a prime number?
True
Is 64429421 a composite number?
True
Is 19109079583 a composite number?
True
Is 1098694967 composite?
True
Is 8526685127 prime?
True
Is 38841611 prime?
True
Is 972415417 a composite number?
False
Is 68027256719 a prime number?
True
Is 361120890197 a composite number?
False
Is 4434090341 composite?
False
Is 115537575187 a composite number?
False
Is 4257300869 prime?
False
Is 10286788307 a composite number?
False
Is 329859143 prime?
False
Is 4523223691 composite?
True
Is 215046301 prime?
True
Is 68500589 composite?
True
Is 55250785753 composite?
False
Is 1321723571 prime?
False
Is 113845556723 composite?
False
Is 9545028767 prime?
False
Is 12006656737 composite?
False
Is 42610573631 prime?
False
Is 95332716007 a composite number?
False
Is 7377267053 prime?
False
Is 69295195 prime?
False
Is 105877433693 composite?
False
Is 8538201163 prime?
True
Is 160074209 a prime number?
False
Is 5238556501 composite?
False
Is 44642161349 a composite number?
True
Is 704148343 a prime number?
True
Is 126278981 composite?
False
Is 46640927 composite?
False
Is 3255505301 a composite number?
False
Is 123056992193 a composite number?
False
Is 617108747 a composite number?
False
Is 4023509717 a composite number?
False
Is 2729612813 a composite number?
False
Is 356860807 a prime number?
True
Is 14623213537 a prime number?
True
Is 3211189435 prime?
False
Is 987161047 a prime number?
True
Is 8086617463 prime?
True
Is 2305820767 prime?
False
Is 11430806197 composite?
False
Is 2390486087 a prime number?
False
Is 4099146293 composite?
True
Is 1904740133 a composite number?
True
Is 2971671959 composite?
False
Is 142313004599 a prime number?
False
Is 1541196161 composite?
False
Is 22044203 prime?
True
Is 5343783997 a prime number?
True
Is 983773023 a prime number?
False
Is 17521939923 a prime number?
False
Is 799779091 composite?
False
Is 47516065813 prime?
True
Is 50367824911 composite?
False
Is 21447789541 composite?
False
Is 2234726569 prime?
True
Is 1268878333 a composite number?
True
Is 1278199127 composite?
True
Is 1911244411 a composite number?
True
Is 1859828899 a prime number?
False
Is 2588403827 a composite number?
False
Is 1107544469 prime?
True
Is 404090851 composite?
False
Is 15070070497 a composite number?
False
Is 8240625391 a composite number?
True
Is 40396535483 composite?
False
Is 391794523 composite?
True
Is 25269365983 composite?
True
Is 3031973309 prime?
True
Is 761939797 prime?
True
Is 8504500471 composite?
True
Is 4298068759 a composite number?
False
Is 280165033 composite?
True
Is 9128435387 a composite number?
True
Is 45115296271 a composite number?
False
Is 3880153487 prime?
False
Is 68159488415 a prime number?
False
Is 3321377481 a composite number?
True
Is 1180238089 a prime number?
False
Is 4048080469 a prime number?
True
Is 14524790771 prime?
True
Is 61787588003 prime?
True
Is 86212086437 prime?
True
Is 4521241141 a prime number?
True
Is 152310547 a composite number?
False
Is 3531778477 prime?
True
Is 19396664177 a composite number?
True
Is 10883204783 prime?
False
Is 316604047 a prime number?
True
Is 1993767551 a composite number?
False
Is 4669873357 prime?
False
Is 301686062407 a composite number?
True
Is 36603404467 composite?
True
Is 42440667641 prime?
True
Is 50850067 composite?
False
Is 152120333 composite?
False
Is 5841301459 prime?
False
Is 868572505 composite?
True
Is 173399326955 prime?
False
Is 506972143 a prime number?
False
Is 23395095743 prime?
True
Is 4609070771 composite?
False
Is 106979407 a prime number?
False
Is 40851884707 prime?
False
Is 47251290347 prime?
True
Is 634571141 a prime number?
True
Is 42029261 prime?
True
Is 31869932271 a composite number?
True
Is 77297738653 a prime number?
True
Is 2679332237 prime?
False
Is 3188969681 composite?
False
Is 33101278909 composite?
True
Is 47418292609 composite?
True
Is 10800012571 prime?
True
Is 82778957897 a prime number?
True
Is 486704987 prime?
True
Is 2992155643 a composite number?
True
Is 122668831 a prime number?
True
Is 1110833879 a composite number?
True
Is 25414234943 a prime number?
True
Is 842085619 a prime number?
False
Is 9534774607 a prime number?
False
Is 257440839 a composite number?
True
Is 9028340837 composite?
False
Is 4403021137 a prime number?
False
Is 9152701 prime?
True
Is 14385229163 prime?
True
Is 76475448859 a composite number?
True
Is 3161631323 composite?
False
Is 991027567 a prime number?
False
Is 6139785191 composite?
True
Is 19141664639 prime?
False
Is 919331449 prime?
True
Is 733650017 a composite number?
False
Is 